{"id":3024,"date":"2023-02-21T15:02:01","date_gmt":"2023-02-21T14:02:01","guid":{"rendered":"https:\/\/svfv2023.wpcomstaging.com\/?page_id=3024"},"modified":"2023-03-11T16:36:45","modified_gmt":"2023-03-11T15:36:45","slug":"entscheide","status":"publish","type":"page","link":"https:\/\/svfv2023-01.in-bearbeitung.ch\/index.php\/ich-suche-recht\/entscheide\/","title":{"rendered":"Entscheide"},"content":{"rendered":"<div class=\"gb-container gb-container-7886e306\">\n<div class=\"gb-container gb-container-0e03c3ac\">\n<div style=\"max-width: -moz-fit-content; \" class=\"wp-block-ub-table-of-contents-block ub_table-of-contents\" id=\"ub_table-of-contents-cb71d4e3-3448-4b06-9651-b56055d5d376\" data-linktodivider=\"false\" data-showtext=\"show\" data-hidetext=\"hide\" data-scrolltype=\"auto\" data-enablesmoothscroll=\"false\" data-initiallyhideonmobile=\"false\" data-initiallyshow=\"true\"><div class=\"ub_table-of-contents-header-container\" style=\"\">\n\t\t\t<div class=\"ub_table-of-contents-header\" style=\"text-align: left; \">\n\t\t\t\t<div class=\"ub_table-of-contents-title\"><\/div>\n\t\t\t\t<div class=\"ub_table-of-contents-header-toggle\">\n\t\t\t<div class=\"ub_table-of-contents-toggle\" style=\"\">\n\t\t\t\u00a0[<a class=\"ub_table-of-contents-toggle-link\" href=\"#\" style=\"\">hide<\/a>]\n\t\t\t<\/div>\n\t\t<\/div>\n\t\t\t<\/div>\n\t\t<\/div><div class=\"ub_table-of-contents-extra-container\" style=\"\">\n\t\t\t<div class=\"ub_table-of-contents-container ub_table-of-contents-1-column \">\n\t\t\t\t<ul style=\"\"><li style=\"\"><a href=\"https:\/\/svfv2023-01.in-bearbeitung.ch\/index.php\/ich-suche-recht\/entscheide\/#0-bundesgerichtsurteile\" style=\"\">Bundesgerichtsurteile<\/a><ul><li style=\"\"><a href=\"https:\/\/svfv2023-01.in-bearbeitung.ch\/index.php\/ich-suche-recht\/entscheide\/#1-4a_4162019-05022020\" style=\"\">4A_416\/2019 \/ 05.02.2020<\/a><\/li><li style=\"\"><a href=\"https:\/\/svfv2023-01.in-bearbeitung.ch\/index.php\/ich-suche-recht\/entscheide\/#2-4a_1912019-05112019\" style=\"\">4A_191\/2019 \/ 05.11.2019<\/a><\/li><li style=\"\"><a href=\"https:\/\/svfv2023-01.in-bearbeitung.ch\/index.php\/ich-suche-recht\/entscheide\/#3-bge-146-iii-47-11052019\" style=\"\">BGE 146 III 47 \/ 11.05.2019<\/a><\/li><\/ul><\/li><\/ul>\n\t\t\t<\/div>\n\t\t<\/div><\/div>\n\n\n<h2 class=\"gb-headline gb-headline-115aaadd gb-headline-text\" id=\"0-bundesgerichtsurteile\">Bundesgerichtsurteile<\/h2>\n\n\n\n<h3 class=\"gb-headline gb-headline-9f36e487 gb-headline-text\" id=\"1-4a_4162019-05022020\">4A_416\/2019 \/ 05.02.2020<\/h3>\n\n\n\n<p>Eine Klagebewilligung ist nur dann g\u00fcltig, wenn der Kl\u00e4ger zur Schlichtungsverhandlung erscheint, unabh\u00e4ngig vom Verhalten des Beklagten (Nichterscheinen\/ mit Ausstellen der Klagebewilligung ohne Verhandlung einverstanden.<\/p>\n\n\n\n<h3 class=\"gb-headline gb-headline-0c88e42e gb-headline-text\" id=\"2-4a_1912019-05112019\">4A_191\/2019 \/ 05.11.2019<\/h3>\n\n\n\n<p>Die Schlichtungsbeh\u00f6rde darf bei offensichtlicher sachlicher Unzust\u00e4ndigkeit einen Nichteintretensentscheid f\u00e4llen. Dies auch dann, wenn sie nur schlichtend t\u00e4tig ist.<\/p>\n\n\n\n<h3 class=\"gb-headline gb-headline-da9073f9 gb-headline-text\" id=\"3-bge-146-iii-47-11052019\">BGE 146 III 47 \/ 11.05.2019<\/h3>\n\n\n\n<p>Zur Beurteilung ihrer sachlichen (wohl auch \u00f6rtlichen) Zust\u00e4ndigkeit muss sich die Schlichtungsbeh\u00f6rde im reinen Schlichtungsverfahren auf die von der klagenden Partei behaupteten Tatsachen abst\u00fctzen. Nur wenn die Unstimmigkeit offensichtlich ist, kann sie das Verfahren mit einem Nichteintretensentscheid beenden.<\/p>\n\n\n\n<p>4A_593\/2017 \/ 20.08.2018<\/p>\n\n\n\n<p>Anfechtung einer Vollstreckbarkeitsbescheinigung. Fristenstillstand bei der Ablehnung eines Urteilsvorschlags. Trotz Uneinigkeit in der Lehre kommt das Bundesgericht zum Schluss, dass auch hier ein Stillstand der Fristen gerechtfertigt ist, bzw. ein Ausschluss des Fristenstillstandes nicht geboten ist.<\/p>\n\n\n\n<p><br>4A_105\/2016 \/ 13.09.2016<\/p>\n\n\n\n<p>Die Schlichtungsbeh\u00f6rde darf auch nach dem Entscheidverfahren den Parteien einen Urteilsvorschlag unterbreiten oder eine Klagebewilligung aussprechen.<\/p>\n\n\n\n<p>5A_38\/2016 \/ 21.04.2016<\/p>\n\n\n\n<p>Bejaht das Gericht M\u00e4ngel des Schlichtungsverfahrens, die die Klagebewilligung ung\u00fcltig machen, hat es auf die Klage nicht einzutreten.<\/p>\n\n\n\n<p>BGE 141 III 265 \/ 23.06.2015<\/p>\n\n\n\n<p>Die Verh\u00e4ngung einer Ordnungsbusse ist im Schlichtungsverfahren ohne vorg\u00e4ngige Androhung unzul\u00e4ssig. (Dies soll in der revidierten ZPO abge\u00e4ndert werden, so dass auch im Schlichtungsverfahren Ordnungsbussen ausgesprochen werden k\u00f6nnen).<\/p>\n\n\n\n<p>BGE 141 III 159 \/ 17.04.2015<\/p>\n\n\n\n<p>Pers\u00f6nliches Erscheinen zur Schlichtungsverhandlung heisst bei nat\u00fcrlichen Personen pers\u00f6nlich, mit oder ohne Anwalt.<br>Bei juristischen Personen heisst das ein im Handelsregister eingetragenes Organ (Verwaltungsrat, Gesch\u00e4ftsf\u00fchrer, Direktor), ein im Handelsregister eingetragener Prokurist oder ein im Handelsregister nicht eingetragener Handlungsbevollm\u00e4chtigter (nur Vollmacht an Mitarbeiter reicht nicht, siehe dazu Schiller Rechtsanw\u00e4lte \u00abPers\u00f6nliches Erscheinen vor Gericht-was heisst das f\u00fcr juristische Personen\u00bb oder www. Jusletter.ch Pers\u00f6nliche Erscheinungspflicht juristischer Personen anl\u00e4sslich von Schlichtungsverhandlungen).<\/p>\n\n\n\n<p>BGE 138 III 615 \/ 20.09.2012<\/p>\n\n\n\n<p>Die Fristen f\u00fcr die Klageeinreichung nach Er\u00f6ffnung der Klagebewilligung (Art 209 Abs. 3 und 4 ZPO) stehen w\u00e4hrend der Gerichtsferien still; d.h. endet die Frist zur Einreichung einer Klage im Sinne von Art 209 Abs. 3 ZPO in den Gerichtsferien (Art 145 ZPO), verl\u00e4ngert sich diese Frist nach Ablauf der Stillstandsperiode um die der Stillstandsdauer entsprechende Anzahl Tage.<br>Ausf\u00fchrlich auch in Ius.focus 3\/ 2013 Klagebewilligung und Gerichtsferien.<\/p>\n\n\n\n<p>BGE 138 III 705 \/ 22.06.2012<\/p>\n\n\n\n<p>Sistierung des Schlichtungsverfahrens (hier Mietschlichtung) \u00fcber die Fristen nach Art 203 Abs. 1 und Abs. 4 ZPO hinaus<\/p>\n\n<\/div>\n<\/div>","protected":false},"excerpt":{"rendered":"<p>Bundesgerichtsurteile 4A_416\/2019 \/ 05.02.2020 Eine Klagebewilligung ist nur dann g\u00fcltig, wenn der Kl\u00e4ger zur Schlichtungsverhandlung erscheint, unabh\u00e4ngig vom Verhalten des Beklagten (Nichterscheinen\/ &#8230; <\/p>\n<p class=\"read-more-container\"><a title=\"Entscheide\" class=\"read-more button\" href=\"https:\/\/svfv2023-01.in-bearbeitung.ch\/index.php\/ich-suche-recht\/entscheide\/#more-3024\" aria-label=\"Mehr zu Entscheide\">Weiterlesen<\/a><\/p>\n","protected":false},"author":1,"featured_media":0,"parent":3013,"menu_order":0,"comment_status":"closed","ping_status":"closed","template":"","meta":{"ub_ctt_via":"","_coblocks_attr":"","_coblocks_dimensions":"","_coblocks_responsive_height":"","_coblocks_accordion_ie_support":"","footnotes":""},"class_list":["post-3024","page","type-page","status-publish"],"featured_image_src":null,"_links":{"self":[{"href":"https:\/\/svfv2023-01.in-bearbeitung.ch\/index.php\/wp-json\/wp\/v2\/pages\/3024","targetHints":{"allow":["GET"]}}],"collection":[{"href":"https:\/\/svfv2023-01.in-bearbeitung.ch\/index.php\/wp-json\/wp\/v2\/pages"}],"about":[{"href":"https:\/\/svfv2023-01.in-bearbeitung.ch\/index.php\/wp-json\/wp\/v2\/types\/page"}],"author":[{"embeddable":true,"href":"https:\/\/svfv2023-01.in-bearbeitung.ch\/index.php\/wp-json\/wp\/v2\/users\/1"}],"replies":[{"embeddable":true,"href":"https:\/\/svfv2023-01.in-bearbeitung.ch\/index.php\/wp-json\/wp\/v2\/comments?post=3024"}],"version-history":[{"count":5,"href":"https:\/\/svfv2023-01.in-bearbeitung.ch\/index.php\/wp-json\/wp\/v2\/pages\/3024\/revisions"}],"predecessor-version":[{"id":3285,"href":"https:\/\/svfv2023-01.in-bearbeitung.ch\/index.php\/wp-json\/wp\/v2\/pages\/3024\/revisions\/3285"}],"up":[{"embeddable":true,"href":"https:\/\/svfv2023-01.in-bearbeitung.ch\/index.php\/wp-json\/wp\/v2\/pages\/3013"}],"wp:attachment":[{"href":"https:\/\/svfv2023-01.in-bearbeitung.ch\/index.php\/wp-json\/wp\/v2\/media?parent=3024"}],"curies":[{"name":"wp","href":"https:\/\/api.w.org\/{rel}","templated":true}]}}